of 64?
False
Is 21816360 a multiple of 120?
True
Does 28 divide 4138291052?
True
Is 6290 a factor of 1024219570?
True
Is 2158357230 a multiple of 51?
True
Does 57 divide 2347087974?
True
Is 696 a factor of 171362160?
True
Is 113425290 a multiple of 15?
True
Is 109753291 a multiple of 71?
True
Is 5127596 a multiple of 1605?
False
Is 496 a factor of 103107462?
False
Is 502 a factor of 25649690?
True
Is 14 a factor of 74387040?
True
Does 1469 divide 25841179?
True
Is 14 a factor of 19330779?
False
Is 22 a factor of 252557736?
False
Is 146237364 a multiple of 9?
True
Is 70 a factor of 21816114?
False
Is 10 a factor of 3376615815?
False
Does 122 divide 151799110?
True
Does 58 divide 901628748?
False
Is 117 a factor of 1369570306?
False
Is 11 a factor of 61668284?
False
Is 60032343 a multiple of 817?
True
Does 1236 divide 83286624?
True
Does 31 divide 64356217?
True
Does 7 divide 124908254?
False
Is 36150042 a multiple of 254?
True
Is 389 a factor of 414867383?
False
Is 1015 a factor of 416648365?
True
Is 26 a factor of 9257559?
False
Is 649 a factor of 734511591?
True
Is 4 a factor of 140612648?
True
Does 81 divide 34508187?
True
Does 124 divide 8343588?
True
Is 47215168 a multiple of 32?
True
Does 606 divide 30333330?
True
Does 605 divide 134513885?
True
Is 3996425698 a multiple of 102?
False
Is 103 a factor of 739720456?
True
Is 70 a factor of 445729900?
True
Does 530 divide 1202175150?
True
Is 44086412 a multiple of 40?
False
Is 92444830 a multiple of 2306?
False
Does 4099 divide 202037413?
False
Is 523344030 a multiple of 618?
True
Does 27 divide 9324807?
False
Does 65 divide 57040215?
False
Does 76 divide 1137885376?
True
Is 1232 a factor of 51364544?
True
Is 1008463372 a multiple of 1294?
True
Is 3873913 a multiple of 989?
True
Is 7304940 a multiple of 12?
True
Is 74949248 a multiple of 704?
True
Is 87016193 a multiple of 6?
False
Does 24 divide 12522960?
True
Is 154466846 a multiple of 38?
True
Is 80 a factor of 68615923?
False
Does 932 divide 23671819?
False
Does 804 divide 174000482?
False
Is 1847 a factor of 44660460?
True
Is 603062250 a multiple of 2550?
True
Is 50 a factor of 385413273?
False
Is 22748267 a multiple of 38?
False
Does 1416 divide 119347708?
False
Does 1818 divide 23972148?
True
Does 10 divide 1063889180?
True
Is 204 a factor of 29246664?
True
Is 6 a factor of 103152382?
False
Is 57627310 a multiple of 43?
True
Does 16 divide 221863920?
True
Is 8 a factor of 18963744?
True
Is 205844704 a multiple of 13?
True
Is 215899830 a multiple of 270?
True
Is 195 a factor of 138318765?
True
Is 36116542 a multiple of 22?
True
Does 8 divide 415389297?
False
Does 310 divide 86060650?
True
Is 387499 a multiple of 197?
True
Is 1185346539 a multiple of 13?
True
Is 6163499 a multiple of 6?
False
Is 111119413 a multiple of 3390?
False
Does 34 divide 249081226?
False
Is 63308092 a multiple of 34?
False
Is 21736031 a multiple of 241?
True
Does 176 divide 26245120?
True
Is 5 a factor of 21458285?
True
Is 90755848 a multiple of 232?
True
Is 2635 a factor of 2808738725?
True
Does 4058 divide 403413896?
True
Is 21820451 a multiple of 6?
False
Does 462 divide 16162333?
False
Is 15091097 a multiple of 3?
False
Is 210632990 a multiple of 33?
False
Is 83976045 a multiple of 15?
True
Is 67810776 a multiple of 16?
False
Does 4 divide 15195802?
False
Is 247727502 a multiple of 198?
True
Is 379903997 a multiple of 1170?
False
Does 12 divide 276644580?
True
Is 1200000398 a multiple of 264?
False
Does 117 divide 48106480?
False
Is 159 a factor of 185371740?
True
Is 28 a factor of 583362622?
False
Is 86 a factor of 1753395?
False
Does 394 divide 347387541?
False
Does 3 divide 7545296?
False
Does 6 divide 1145653170?
True
Is 7 a factor of 15334550?
True
Does 10 divide 4421071025?
False
Is 53913769 a multiple of 113?
True
Does 7 divide 152572341?
False
Is 171 a factor of 38324178?
True
Does 2424 divide 885371961?
False
Is 29791685 a multiple of 7?
True
Is 58 a factor of 12700190?
False
Is 211327658 a multiple of 92?
False
Is 14 a factor of 115644564?
True
Is 93 a factor of 456834341?
False
Is 694239 even?
False
Is 1359251406 a multiple of 71?
True
Is 1305 a factor of 1664163405?
True
Is 12 a factor of 101165332?
False
Is 1896 a factor of 220894741?
False
Is 2411051445 a multiple of 165?
True
Is 28 a factor of 1080666255?
False
Is 10390620 a multiple of 10?
True
Is 245062370 a multiple of 35?
True
Is 15 a factor of 22864245?
True
Does 5103 divide 4161746547?
True
Does 16 divide 53646230?
False
Does 82 divide 94476464?
True
Does 16 divide 14708656?
True
Is 100295995 a multiple of 761?
True
Is 736313642 a multiple of 1801?
False
Is 519099264 a multiple of 498?
True
Is 361195491 a multiple of 44?
False
Is 30226884 a multiple of 315?
False
Is 380 a factor of 15014376?
False
Is 5894629 a multiple of 16?
False
Is 11245559 a multiple of 13?
True
Does 70 divide 81894750?
True
Is 4616142235 a multiple of 1763?
True
Is 394 a factor of 26077678?
True
Does 119 divide 30689267?
True
Does 5507 divide 1652017395?
True
Does 78 divide 1602840304?
False
Is 26853827 a multiple of 18?
False
Is 1979 a factor of 1810785?
True
Is 1038606641 a multiple of 11?
False
Is 90088306 a multiple of 503?
True
Is 1789 a factor of 39696955?
False
Is 43916244 a multiple of 172?
True
Is 36 a factor of 705804300?
True
Does 79 divide 30285124?
True
Is 185 a factor of 60496518?
False
Is 28944894 a multiple of 15?
False
Is 72471811 a multiple of 6?
False
Is 1096 a factor of 41612928?
True
Does 1653 divide 55073868?
False
Does 75 divide 158873328?
False
Is 17 a factor of 8000301?
False
Is 1116 a factor of 41614524?
True
Does 17 divide 5626106?
False
Does 17 divide 530382307?
False
Does 1431 divide 910121724?
True
Does 37 divide 19032652?
True
Does 21 divide 688400454?
True
Does 850 divide 113414650?
True
Does 28 divide 261596860?
True
Is 53 a factor of 54471752?
False
Does 10 divide 977742679?
False
Is 4 a factor of 24839906?
False
Does 329 divide 372422736?
True
Is 3246787812 a multiple of 939?
True
Is 100077956 a multiple of 1177?
True
Is 15 a factor of 488850915?
True
Does 284 divide 57162979?
False
Does 37 divide 164835?
True
Does 210 divide 278142233?
False
Does 9 divide 11175831?
True
Is 125 a factor of 627531249?
False
Does 1561 divide 66072447?
True
Is 299637174 a multiple of 4?
False
Is 75321900 a multiple of 225?
True
Is 2955 a factor of 44208429?
False
Does 478 divide 13374918?
True
Is 2 a factor of 4222806?
True
Is 610620461 a multiple of 1830?
False
Is 15 a factor of 6122368140?
True
Is 157 a factor of 296769093?
True
Is 47698722 a multiple of 18?
True
Does 6 divide 6530476?
False
Is 10537638 a multiple of 1150?
False
Is 81693360 a multiple of 84?
True
Is 179 a factor of 419468242?
True
Does 131 divide 1241910303?
False
Is 354168735 a multiple of 435?
True
Is 4435 a factor of 129985415?
True
Does 2987 divide 161241247?
True
Is 3479 a factor of 85298709?
False
Is 420262560 a multiple of 36?
True
Does 10 divide 10415050?
True
Does 100 divide 827104100?
True
Does 886 divide 143350609?
False
Is 152 a factor of 1577163763?
False
Is 38 a factor of 36927716?
True
Does 12 divide 3761690?
False
Does 15 divide 11695804?
False
Is 113657 a multiple of 1133?
False
Does 32 divide 71408001?
False
Does 4202 divide 787556700?
False
Is 222198845 a multiple of 2585?
True
Is 21725384 a multiple of 73?
True
Is 106 a factor of 71737832?
True
Does 25 divide 29183034?
False
Is 65 a factor of 54685085?
True
Is 72935220 a multiple of 2487?
False
Is 605 a factor of 87844185?
True
Is 541680 a multiple of 240?
True
Does 46 divide 1053972491?
False
Is 332 a factor of 22768560?
True
Does 109 divide 10685742?
False
Is 20 a factor of 492893080?
True
Is 107 a factor of 14780973?
False
Does 891 divide 6968481?
False
Does 1532 divide 142293112?
False
Is 91126035 a multiple of 833?
True
Is 112074570 a multiple of 2658?
True
Is 419 a factor of 27123127?
True
Does 15 divide 424325632?
False
Does 68 divide 7675296?
True
Does 823 divide 997883328?
False
Is 1917881066 a multiple of 39?
False
Is 2417 a factor of 16196559?
False
Does 5 divide 21598383?
False
Is 686175516 a multiple of 9?
True
Does 315 divide 213854445?
True
Is 4343594 a multiple of 6?
False
Is 608 a factor of 132730142?
False
Is 4 a factor of 4632984?
True
Is 65